64e23
In base 7, what is 2 - -6060250?
6060252
In base 4, what is -101010223 + 113022?
-100231201
In base 16, what is 1 + 13b1f2d?
13b1f2e
In base 9, what is 13361568 - 6?
13361562
In base 8, what is 1201557 - -3?
1201562
In base 12, what is 543 + 6396?
6919
In base 16, what is -4 + -82394?
-82398
In base 7, what is 0 + -6102520?
-6102520
In base 4, what is 1 + -3122033012311?
-3122033012310
In base 4, what is -33130321112023 - 1?
-33130321112030
In base 13, what is -3c3 + -a01b?
-a411
In base 4, what is 3 - -2311003211312?
2311003211321
In base 8, what is 62562565 - 12?
62562553
In base 12, what is 3711 - 1ab97?
-17486
In base 7, what is 1 - 132430034?
-132430033
In base 12, what is -170592 + -242?
-170814
In base 11, what is 5 + 544774?
544779
In base 13, what is 2 + 3b637c0?
3b637c2
In base 13, what is -13221c824 + -2?
-13221c826
In base 6, what is -35 + -1245512?
-1245551
In base 4, what is 1101330 - 223021?
212303
In base 9, what is -588723336 + 2?
-588723334
In base 14, what is -4b00b + -24b?
-4b258
In base 13, what is -30344b4 - -44?
-3034470
In base 3, what is 2210 + -12000022012?
-12000012102
In base 8, what is 4 - -5305727?
5305733
In base 11, what is -2a44684 - 39?
-2a44712
In base 9, what is 0 - -53285178?
53285178
In base 3, what is -2111 + -11100112110112?
-11100112120000
In base 11, what is -626127 - -461?
-625776
In base 4, what is 12013 - 112223320?
-112211301
In base 2, what is -110011010110 + 10001001111?
-100010000111
In base 16, what is -2 + -c6739?
-c673b
In base 2, what is -11011010 - -10011111001010?
10011011110000
In base 14, what is -5 - 64798cc?
-64798d3
In base 6, what is 1210015 + -12?
1210003
In base 10, what is 10185725 - 3?
10185722
In base 12, what is 0 + 2517b16?
2517b16
In base 16, what is -f - -1e6e10?
1e6e01
In base 9, what is 13328 - 802?
12426
In base 9, what is -6 + 47611272?
47611265
In base 13, what is 998 - 660a?
-5942
In base 11, what is -a9 + 23852?
23754
In base 16, what is 2ba + 82846?
82b00
In base 14, what is da4a8a - 5?
da4a85
In base 6, what is 53 + -1205441?
-1205344
In base 8, what is 111 + 3066?
3177
In base 7, what is 100162 - -250?
100442
In base 5, what is -1012 + -1334312?
-1340324
In base 7, what is 4 + -2661130205?
-2661130201
In base 14, what is 1 - 3907b9?
-3907b8
In base 12, what is 20b449 - -5a?
20b4a7
In base 5, what is -23402041420 + 3?
-23402041412
In base 14, what is 1225 - a75?
590
In base 4, what is -11 + 3313111113002?
3313111112331
In base 4, what is 3002130 - -3203321?
12212111
In base 10, what is -11937362 - -1?
-11937361
In base 14, what is 144b78 + -16c?
144a0a
In base 8, what is 24 - -12470625?
12470651
In base 13, what is -11 - -c7619?
c7608
In base 9, what is -46037 - 150?
-46187
In base 10, what is 195 - -677446?
677641
In base 5, what is 3430004 - -1334?
3431343
In base 11, what is -35540792 + 3?
-3554078a
In base 7, what is -140462651 - -4?
-140462644
In base 4, what is -110123 + -12333302?
-13110031
In base 10, what is -2927747 - 6?
-2927753
In base 10, what is -25482 + 3031?
-22451
In base 16, what is 1129 + 1457a?
156a3
In base 5, what is -42240123 - 2020?
-42242143
In base 8, what is -11016 + 17550?
6532
In base 10, what is -1 + 29346548?
29346547
In base 5, what is -221300244233 - -10?
-221300244223
In base 10, what is 2061 - -8966?
11027
In base 11, what is -11a81a49 + 1?
-11a81a48
In base 11, what is 1604 - -8527?
a030
In base 13, what is 6630c58 - -5?
6630c60
In base 16, what is -1129 - -12ff?
1d6
In base 6, what is 10233103010 + -4?
10233103002
In base 12, what is -2 + -496898b4?
-496898b6
In base 6, what is -150002334 - 5?
-150002343
In base 16, what is -2 + 288e6?
288e4
In base 14, what is 4 - -1a1465?
1a1469
In base 7, what is 1153334634 + 4?
1153334641
In base 12, what is -4b - 10a4941?
-10a4990
In base 11, what is 255 - aa6?
-851
In base 3, what is 201112120121000 + -1?
201112120120222
In base 10, what is -75314615 + 21?
-75314594
In base 15, what is -2 - 96262?
-96264
In base 7, what is -14463012 - 5?
-14463020
In base 16, what is -3c - 1fbba?
-1fbf6
In base 10, what is 19604 - 9202?
10402
In base 5, what is -34 - 301114122?
-301114211
In base 2, what is 1001100011000111000001111 + 100?
1001100011000111000010011
In base 8, what is 1040332 + 350?
1040702
In base 12, what is 4895 - -1828?
6501
In base 3, what is -122202 + -1100110022?
-1101010001
In base 4, what is 11232220 - -20103330?
32002210
In base 7, what is 23220550 - 10?
23220540
In base 3, what is 10120 - -221100210?
221111100
In base 8, what is -7700 - -313?
-7365
In base 12, what is -5 + -1726646?
-172664b
In base 9, what is 133 + -2702?
-2558
In base 7, what is 6 - -6102021?
6102030
In base 7, what is 300262066 - -1?
300262100
In base 13, what is 17 - -4a73a5?
4a73bc
In base 4, what is -12300 - -1220330112?
1220311212
In base 5, what is -11 + -240141012?
-240141023
In base 8, what is -11 + -125141131?
-125141142
In base 6, what is -122322341455 + -1?
-122322341500
In base 2, what is 10111011001010000010 + -1001110?
10111011001000110100
In base 15, what is 1291b - -d1?
129ec
In base 3, what is -120 + 2111221101121211?
2111221101121021
In base 2, what is -1110001001 - 11111001011000101?
-11111011001001110
In base 12, what is a13bb62 - 5?
a13bb59
In base 6, what is 0 - 2140233354?
-2140233354
In base 9, what is 4 - -206887113?
206887117
In base 8, what is -2 - -231601065?
231601063
In base 6, what is 2 - -10514313535?
10514313541
In base 5, what is 300422342 + -1001?
300421341
In base 10, what is -133 + 4879?
4746
In base 2, what is 1100111110100 - 111100100101?
101011001111
In base 8, what is 0 - 10555232?
-10555232
In base 15, what is 27c - -2ba2?
2e2e
In base 9, what is 1664330 + 53?
1664383
In base 2, what is -111000 - -111110000001001011?
111110000000010011
In base 6, what is -334151353 + 33?
-334151320
In base 14, what is 9 - 373863c?
-3738633
In base 12, what is -3785a89 + 1?
-3785a88
In base 8, what is -4 + -34460645?
-34460651
In base 6, what is 1205121 + -2152?
1202525
In base 13, what is 274079 - -408?
274484
In base 4, what is -2100301113312 + 222?
-2100301113030
In base 8, what is 1701 - -1001434?
1003335
In base 4, what is 10302 - 33210201?
-33133233
In base 6, what is 11234553 + -5025?
11225524
In base 9, what is 2 - 801620?
-801617
In base 9, what is 1185 - 3308?
-2113
In base 4, what is 2302113322 + 0?
2302113322
In base 3, what is 102200120020 - 212?
102200112101
In base 3, what is 22002000 + 1221011?
101000011
In base 15, what is 2ecc4e + 22?
2ecc71
In base 13, what is 858 + -1206b?
-11513
In base 2, what is 1101011000110111110011 - -100101?
1101011000111000011000
In base 5, what is -112303 + -100343?
-213201
In base 6, what is -302042054 - -223?
-302041431
In base 15, what is 8 + 241562a?
2415633
In base 13, what is b + -164b576?
-164b568
In base 13, what is -32 - 326117?
-326149
In base 12, what is -496b - 1753?
-6502
In base 6, what is 3122312 - -2105?
3124421
In base 3, what is -10 - 1002212102021001?
-1002212102021011
In base 13, what is -136 - 25a532?
-25a668
In base 7, what is 33 - -544313633?
544313666
In base 9, what is -15 - 77400165?
-77400181
In base 4, what is -1032230320 - 20121?
-1032311101
In base 10, what is -9047 - -1111?
-7936
In base 10, what is 54 + 168873?
168927
In base 16, what is -3c195 - -b9?
-3c0dc
In base 5, what is -20212424003 - -10?
-20212423443
In base 13, what is -45838b + b?
-458380
In base 14, what is -6 + 1810729?
1810723
In base 13, what is -30a5399 - 5?
-30a53a1
In base 6, what is 3010022205 + 0?
3010022205
In base 13, what is -2 + -6a7489?
-6a748b
In base 10, what is -98 + -512695?
-512793
In base 11, what is 199565 - -13?
199578
In base 5, what is -100302224 + -2424?
-100310203
In base 8, what is -5 + 14102324?
14102317
In base 13, what is -1 + 4a5582c?
4a5582b
In base 11, what is -5 + -71615?
-7161a
In base 12, what is -2 + b663226?
b663224
In base 10, what is 0 + 355277948?
355277948
In base 6, what is 2510323040 - -4?
2510323044
In base 8, what is 2 + 30402561?
30402563
In base 8, what is -2224 + 246007?
243563
In base 16, what is -2906f - -13?
-2905c
In base 16, what is -19322 + -76?
-19398
In base 6, what is 13021 + -105234?
-52213
In base 8, what is -25 + -25103?
-25130
In base 11, what is -1a1 - -200592?
2003a1
In base 5,